 - 13*d + 300 = 0. Suppose 2*m = 4*p + p - 100, -3*p + d = -2*m. What is the remainder when p is divided by 7?
6
Suppose 5*y = 1640 - 1555. Calculate the remainder when 32 is divided by y.
15
Let t(y) = -y + 1. Let r be t(-2). Suppose i - 4*i + 19 = 4*b, b - r*i = -14. Calculate the remainder when b/((-2)/3 + 1) is divided by 2.
1
Let p be 1060/100 - 2/10*-2. Suppose -3*k + 308 = p*k. Calculate the remainder when 65 is divided by k.
21
Suppose 20*p = 15*p + 3*o + 670, o = -3*p + 402. What is the remainder when 143 is divided by p?
9
Suppose -3*r + 0*r + 135 = 0. Suppose 12*h - r = 7*h. What is the remainder when 62 is divided by h?
8
Let t(m) = m**3 - 2*m**2 - 13*m - 35. What is the remainder when t(6) is divided by 29?
2
Suppose -f + 4*g = -63, -3*g + 301 - 37 = 3*f. Calculate the remainder when 410 is divided by f.
78
Let s = 855 - 850. Calculate the remainder when 76 is divided by s.
1
Let p(j) = 47*j**3 + j**2 - 2*j + 1. Let q(h) = -43*h + 266. Calculate the remainder when p(1) is divided by q(6).
7
Suppose 6*s = 7*s + 79. Let d = s + 95. Calculate the remainder when 94 is divided by d.
14
Calculate the remainder when 212 is divided by ((-44)/(-10))/(66/825).
47
Suppose c - 80 = -26. Let g = c + 0. Let z(r) = r**2 + 9*r + 14. Calculate the remainder when g is divided by z(-9).
12
Suppose -3*d + 16 = -47. Let s be (-3)/(-12) - d/(-12). Suppose -s*p + p + 33 = 0. Calculate the remainder when 63 is divided by p.
30
Let o(l) = l - 3. Let i(k) = k**2 - 3*k - 6. Let u be i(5). Let x be o(u). What is the remainder when ((-88)/(-40))/(x/5) is divided by 7?
4
Suppose 900 = 157*q - 148*q. What is the remainder when 202 is divided by q?
2
Let s(y) = y**3 - y**2 - 1. Let i be s(0). What is the remainder when 46 is divided by (i - 4 - 3)*-2?
14
Let h = -5 - -9. Let g(z) = z**2 + 15*z + 21. What is the remainder when g(-16) is divided by (-448)/(-44) + h/(-22)?
7
Let i(v) = 23*v - 4. Let t be 4/((-16)/(-2))*2. What is the remainder when 73 is divided by i(t)?
16
Let m = 72 + -69. Suppose -m*w + 51 = 3*f, 7*w = 4*f + 2*w - 104. What is the remainder when f is divided by 8?
5
Let y = -26 - -18. Suppose 0*v = 4*v - 72. Calculate the remainder when (1*2)/(y/(-212)) is divided by v.
17
Let x(j) = j + 6. Calculate the remainder when 207 is divided by x(15).
18
Let j(a) = -a**3 - 15*a**2 - 42*a + 107. Suppose 10*h - 55 = 5*h. Calculate the remainder when h is divided by j(-7).
2
Suppose -1147 = 15*f - 19*f - y, 3*y = -15. Calculate the remainder when f is divided by 96.
0
Suppose -21*z - 169 = -1849. Let j(r) = -r**3 + r**2 + 5*r - 1. Let t be j(4). Let i = t - -56. What is the remainder when z is divided by i?
26
Let g(y) = -y**3 + y**2 + y + 15. Let f be g(0). Let d be (f/(-6))/((-3)/6). Suppose 4*z = d*z - 20. What is the remainder when 77 is divided by z?
17
Calculate the remainder when 304 is divided by (8 + (-21)/(-7))/1.
7
Let g(m) = -m**3 + 15*m**2 + 16*m - 22. Let y be g(16). Let a = -11 - y. Calculate the remainder when 31 is divided by a.
9
Suppose 2*c = 10, -5*r + 15 = -c + 4*c. Suppose r*q + 714 = 14*q. Calculate the remainder when 150 is divided by q.
48
Let w be (2/3)/((-4)/(-18)). Suppose 2*l + 6 = -4*k, -w*l = 3*k + k + 3. What is the remainder when l is divided by 68/20 - 6/45*3?
0
Let z(w) = 35*w**2 - 2*w - 3. Let l = 230 + -212. Calculate the remainder when z(-1) is divided by l.
16
Let q(a) = 6*a**2 + 4*a + 3. Suppose -5*r + 5*v + 57 + 193 = 0, -4*r + 230 = 2*v. What is the remainder when r is divided by q(-2)?
17
Suppose 0 = -3*h - 4*f + 145, -3*h + 135 = -h - 5*f. Suppose 0*u = -5*u + h. What is the remainder when u is divided by 1/(3/30) + -3?
4
Suppose 11*c - 12*c + 4 = 0. Let z(j) = -j**2 + 5*j. What is the remainder when 29 is divided by z(c)?
1
Suppose -b = -4*b + 15. Let i(t) = b*t**2 - 5*t**2 - 3*t + 22*t**3 + 2*t. What is the remainder when 61 is divided by i(1)?
19
Let v(l) = -l + 9. Let i be v(3). Let n be (8/i)/(2/(-6)). Let s(y) = -12*y + 2. Calculate the remainder when s(n) is divided by 13.
11
Let q = 117 + -123. Calculate the remainder when q/(-8 + 5)*(47 - 0) is divided by 24.
22
Let g = 195 + -183. Let a(s) be the second derivative of -7*s**3/6 - s**2/2 + s. What is the remainder when a(-5) is divided by g?
10
Let f be 3 + -4 + (-31)/1. Let k = f + 36. Suppose 5*w = k*w + 30. Calculate the remainder when w is divided by 17.
13
Let o = -28 - -31. Suppose -o*i - 15 = -0. Let p(j) = j**2 + 2*j - 4. What is the remainder when p(i) is divided by 2?
1
Suppose 0 = 4*k - 21 - 11. What is the remainder when 117 is divided by k?
5
Suppose 0 = 3*a - 2*a - 39. Suppose -757 = -11*k + 79. Calculate the remainder when k is divided by a.
37
Calculate the remainder when (3*2/9)/(25/28275) is divided by 7.
5
Let b = -364 + 524. What is the remainder when b is divided by 42?
34
Let r(m) = m**3 - 15*m**2 + m. What is the remainder when 163 is divided by r(15)?
13
Suppose 0 = 5*g + 5*s - 55, 4*g + 2*s - 34 = g. Suppose 69*m - 55*m - 266 = 0. What is the remainder when m is divided by g?
7
Suppose -39*y = -13*y - 702. What is the remainder when 160 is divided by y?
25
Let n be (-42)/(-5) + 4/(-10). Suppose -4*q - n = -6*q. Let y(h) = h**3 + h - 5. Calculate the remainder when y(q) is divided by 16.
15
Let s be (80/4)/5 + 2. Calculate the remainder when (-5)/(15/s)*(6 - 7) is divided by 1.
0
Let x = 753 - 751. What is the remainder when 35 is divided by x?
1
Let l(z) = z**2 - 23*z - 16. Calculate the remainder when 118 is divided by l(24).
6
Let y be (-6)/12 - 3/(-2). Let s be (2/(-5))/(y/(-5)). Suppose -4*g = 2*a - 102, -s*a + 0*a = -g + 23. Calculate the remainder when g is divided by 13.
12
Let m(i) = i**2 + 13*i - 13. Let l(q) = 17*q**3 + q**2 - 1. Let c be l(-1). Calculate the remainder when m(c) is divided by 10.
5
Calculate the remainder when 6/(-20) - 1415/(-50) is divided by 14.
0
Suppose 0 = -220*i + 167*i + 795. Let y = 31 - 18. Suppose -2*s + y = -3. Calculate the remainder when i is divided by s.
7
Suppose 0 = -11*d + 109 + 23. Calculate the remainder when 18 is divided by d.
6
Suppose 0 = -18*k + 20*k - 200. What is the remainder when k is divided by 26?
22
Suppose 23 = y - 11. What is the remainder when 101 is divided by y?
33
Suppose 2*y - 36 = -4*r, 5*y + 2*r - 34 = 6*r. Suppose v - 5*q + 34 = 0, q + 36 = -4*v - 4*q. Let n = 18 + v. Calculate the remainder when y is divided by n.
2
Suppose -1581 = -13*i - 294. Calculate the remainder when i is divided by 25.
24
What is the remainder when -2*(8/20)/((-4)/1040) is divided by 74?
60
Let m = -7 + 9. Let g(z) = -z**3 + 3*z**2 - 2. Let w be g(m). Suppose 0 = -w*u + 20 - 4. Calculate the remainder when 30 is divided by u.
6
Let o = 352 + -326. What is the remainder when 124 is divided by o?
20
Suppose -66*q = -60*q - 216. Calculate the remainder when q is divided by 7.
1
Suppose -5*w = 4*t - 7*t - 254, t = 2*w - 102. Suppose -w = -f + 33. What is the remainder when f is divided by 25?
10
What is the remainder when (-207)/(-2)*(-28)/(-21) is divided by 61?
16
Let a(x) = 4*x - 1. Let g be a(2). What is the remainder when (-2105)/(-60) + 5/(-60) is divided by (-1)/(-2)*-2 + g?
5
Let i(j) = 2*j**2. Let t be i(1). Suppose -c = t - 13. Calculate the remainder when (-1 - (-54)/12)/((-1)/(-6)) is divided by c.
10
Suppose 0 = 10*n - 255 - 5. Suppose -5*i - 5*c = -250, -2*c - 200 = -8*i + 4*i. Calculate the remainder when i is divided by n.
24
Suppose v = -3*v + 504. Suppose -2*m = -0*m - v. Let f = 76 + -60. Calculate the remainder when m is divided by f.
15
Let a(d) be the third derivative of d**5/10 - 5*d**4/12 - d**3 + d**2 + 4*d. Let f = -10 - -20. What is the remainder when a(3) is divided by f?
8
Suppose -4*d = -m + 6*m - 532, -3*d - 222 = -2*m. Suppose 4*w = -2*w + m. What is the remainder when w is divided by 4?
2
Let d be 5 + -6 + 0 + -1. Let z be (1 - d) + 0 + 109. Suppose 0 = 4*n - 4*o - 104, 3*o - z = -4*n - o. What is the remainder when n is divided by 15?
12
Let w(o) = -o**3 - 11*o**2 + 24*o + 8. Calculate the remainder when w(-13) is divided by 18.
16
Let z(y) = 7*y**2 - 55*y + 109. What is the remainder when 38 is divided by z(2)?
11
Let j(m) = m**2 + 11*m - 4. Let t be (-6)/(-9) + (-47)/3. What is the remainder when j(t) is divided by 19?
18
Let t = 631 + -614. Calculate